6?
1
What is the hundreds digit of 17149?
1
What is the tens digit of 1676?
7
What is the thousands digit of 6096?
6
What is the ten thousands digit of 25133?
2
What is the units digit of 33604?
4
What is the hundreds digit of 5231?
2
What is the thousands digit of 3588?
3
What is the thousands digit of 18456?
8
What is the tens digit of 28787?
8
What is the units digit of 1088?
8
What is the thousands digit of 1124?
1
What is the ten thousands digit of 40616?
4
What is the units digit of 53300?
0
What is the units digit of 8459?
9
What is the thousands digit of 5436?
5
What is the ten thousands digit of 19893?
1
What is the hundreds digit of 588?
5
What is the tens digit of 4977?
7
What is the thousands digit of 6112?
6
What is the units digit of 39?
9
What is the thousands digit of 41401?
1
What is the thousands digit of 4787?
4
What is the units digit of 17032?
2
What is the hundreds digit of 572?
5
What is the thousands digit of 1828?
1
What is the thousands digit of 148400?
8
What is the hundreds digit of 2740?
7
What is the units digit of 16754?
4
What is the thousands digit of 79871?
9
What is the hundreds digit of 13970?
9
What is the thousands digit of 14513?
4
What is the units digit of 16660?
0
What is the ten thousands digit of 16781?
1
What is the hundreds digit of 1516?
5
What is the hundreds digit of 165540?
5
What is the hundreds digit of 518?
5
What is the tens digit of 35399?
9
What is the thousands digit of 26247?
6
What is the units digit of 25901?
1
What is the tens digit of 14677?
7
What is the tens digit of 85844?
4
What is the hundreds digit of 4753?
7
What is the units digit of 3446?
6
What is the ten thousands digit of 10407?
1
What is the hundreds digit of 44779?
7
What is the hundreds digit of 456?
4
What is the units digit of 9043?
3
What is the tens digit of 191?
9
What is the thousands digit of 35811?
5
What is the units digit of 1480?
0
What is the hundreds digit of 680?
6
What is the hundreds digit of 5372?
3
What is the hundreds digit of 308?
3
What is the hundreds digit of 2216?
2
What is the hundreds digit of 186?
1
What is the hundreds digit of 5868?
8
What is the tens digit of 2794?
9
What is the hundreds digit of 3515?
5
What is the thousands digit of 21980?
1
What is the tens digit of 63197?
9
What is the tens digit of 133820?
2
What is the thousands digit of 63405?
3
What is the hundreds digit of 834?
8
What is the units digit of 11549?
9
What is the tens digit of 39406?
0
What is the thousands digit of 33154?
3
What is the thousands digit of 8607?
8
What is the ten thousands digit of 53822?
5
What is the units digit of 1350?
0
What is the hundreds digit of 174041?
0
What is the thousands digit of 23622?
3
What is the units digit of 612?
2
What is the hundreds digit of 758?
7
What is the tens digit of 50811?
1
What is the thousands digit of 24507?
4
What is the tens digit of 39871?
7
What is the units digit of 17308?
8
What is the thousands digit of 19906?
9
What is the ten thousands digit of 43150?
4
What is the thousands digit of 5716?
5
What is the units digit of 10934?
4
What is the hundreds digit of 475?
4
What is the hundreds digit of 44060?
0
What is the thousands digit of 16817?
6
What is the hundreds digit of 2441?
4
What is the hundreds digit of 3493?
4
What is the thousands digit of 4067?
4
What is the thousands digit of 3315?
3
What is the hundreds digit of 206?
2
What is the ten thousands digit of 33957?
3
What is the tens digit of 2354?
5
What is the hundreds digit of 633?
6
What is the hundreds digit of 17112?
1
What is the units digit of 717?
7
What is the hundreds digit of 1226?
2
What is the ten thousands digit of 30140?
3
What is the tens digit of 78342?
4
What is the hundreds digit of 2420?
4
What is the tens digit of 55?
5
What is the thousands digit of 30472?
0
What is the hundreds digit of 13456?
4
What is the hundreds digit of 1830?
8
What is the thousands digit of 23292?
3
What is the hundreds digit of 92397?
3
What is the units digit of 140461?
1
What is the tens digit of 1806?
0
What is the ten thousands digit of 47969?
4
What is the hundreds digit of 4649?
6
What is the tens digit of 3167?
6
What is the hundreds digit of 39297?
2
What is the units digit of 17843?
3
What is the thousands digit of 28020?
8
What is the hundreds digit of 45047?
0
What is the thousands digit of 39455?
9
What is the ten thousands digit of 19931?
1
What is the ten thousands digit of 50782?
5
What is the tens digit of 2365?
6
What is the hundreds digit of 6408?
4
What is the thousands digit of 152154?
2
What is the units digit of 1563?
3
What is the thousands digit of 6957?
6
What is the hundreds digit of 81791?
7
What is the tens digit of 822?
2
What is the units digit of 42392?
2
What is the thousands digit of 45677?
5
What is the thousands digit of 59060?
9
What is the hundreds digit of 12486?
4
What is the units digit of 3986?
6
What is the units digit of 1921?
1
What is the units digit of 1753?
3
What is the thousands digit of 11222?
1
What is the tens digit of 30448?
4
What is the units digit of 220?
0
What is the units digit of 32372?
2
What is the units digit of 39558?
8
What is the hundreds digit of 1021?
0
What is the tens digit of 4636?
3
What is the thousands digit of 1560?
1
What is the tens digit of 1029?
2
What is the units digit of 1650?
0
What is the hundreds digit of 10647?
6
What is the units digit of 2313?
3
What is the thousands digit of 24124?
4
What is the hundreds digit of 6003?
0
What is the thousands digit of 1018?
1
What is the hundreds digit of 3601?
6
What is the thousands digit of 8576?
8
What is the units digit of 263?
3
What is the tens digit of 111?
1
What is the units digit of 970?
0
What is the tens digit of 1801?
0
What is the thousands digit of 18565?
8
What is the units digit of 11830?
0
What is the units digit of 2349?
9
What is the units digit of 7798?
8
What is the tens digit of 143024?
2
What is the thousands digit of 4269?
4
What is the ten thousands digit of 28823?
2
What is the units digit of 859?
9
What is the tens digit of 7934?
3
What is the ten thousands digit of 37942?
3
What is the hundreds digit of 3239?
2
What is the units digit of 1756?
6
What is the units digit of 22548?
8
What is the units digit of 423?
3
What is the hundreds digit of 21854?
8
What is the units digit of 2571?
1
What is the hundreds digit of 1994?
9
What is the thousands digit of 1167?
1
What is the hundreds digit of 848?
8
What is the units digit of 316?
6
What is the hundreds digit of 58096?
0
What is the thousands digit of 7850?
7
What is the tens digit of 26043?
4
What is the tens digit of 3868?
6
What is the tens digit of 628?
2
What is the tens digit of 63?
6
What is the tens digit of 598?
9
What is the tens digit of 3005?
0
What is the units digit of 1261?
1
What is the thousands digit of 2749?
2
What is the units digit of 37402?
2
What is the tens digit of 10540?
4
What is the units digit of 93723?
3
What is the thousands digit of 5587?
5
What is the hundreds digit of 9366?
3
What is the tens digit of 65720?
2
What is the hundreds digit of 1949?
9
What is the units digit of 13787?
7
What is the thousands digit of 1194?
1
What is the tens digit of 9969?
6
What is the tens digit of 77?
7
What is the hundreds digit of 1016?
0
What is the hundreds digit of 794?
7
What is the units digit of 564?
4
What is the tens digit of 124216?
1
What is the tens digit of 3916?
1
What is the units digit of 40158?
8
What is the tens digit of 1439?
3
What is the tens digit of 329?
2
What is the hundreds digit of 498?
4
What is the hundred thousands digit of 118171?
1
What is the hundreds digit of 1327?
3
What is the ten thousands digit of 38193?
3
What is the units digit of 476?
6
What is the thousands digit of 1079?
1
What is the thousands digit of 1118?
1
What is the hundreds digit of 1389?
3
What is the units digit of 1268?
8
What is the hundreds digit of 4714?
7
What is the ten thousands digit of 52696?
5
What is the thousands digit of 4998?
4
What is the tens digit of 1830?
3
What is the hundreds digit of 79759?
7
What is the units digit of 2668?
8
What is the units digit of 1343?
3
What is the hundreds digit of 1406?
4
What is the hundreds digit of 23278?
2
What is the units digit 